aluate (10 - 7) + 7 + -8 + -10.
-8
Evaluate -7 + -2 + 10 - (3 + -3).
1
Calculate -1 - 7 - -4 - -14.
10
Evaluate -2555 - -2599 - (30 - 1).
15
What is the value of 279 + -251 + (-1 - 15)?
12
What is the value of (20 - -17 - 44) + 24 + -1 + 3?
19
(-5 - 32) + 7 - (-7 - (-10 - -12))
-21
Evaluate -4 - -4 - 30 - (12 - 24).
-18
What is (2 - (8 - 9)) + (0 - -3)?
6
Evaluate 1 + -1 + 1 + -7 + 380 + -357.
17
What is 3 - (0 + -4) - (16 + -45 + 29)?
7
Evaluate (-13 - -24 - (1 - -18)) + (3 - -9).
4
What is 0 + 6 - (2 + 7) - -23 - -1?
21
What is the value of -5 + 1 - (416 + -422)?
2
Evaluate -6 + 4 + 1 + (-1 - -6 - 2).
2
What is the value of 0 - -11 - (-18 - -10 - -8)?
11
What is the value of (19 - 12) + (-5 - -10 - 5) + 11?
18
(-9 - (-4 - -1)) + (1 - 0) + -3
-8
What is 2 + -4 + (-6 + 6 - -4)?
2
Evaluate -17 + 1 + 26 - 14.
-4
Evaluate -21 + (-49 - -23) + 30.
-17
Calculate -1 + 6 + (22 - 33).
-6
Calculate -40 - (-23 + -14 + 7).
-10
(-15 - 5 - -29) + -1 + 5
13
Evaluate -2 + (-6 + 3 + -2 - -9 - 4).
-2
What is -25 + 30 + (3 - 11) + (15 - -1)?
13
Evaluate 0 + (4 - 1 - 8) + -7 + 20.
8
Evaluate (1 - -3) + -7 + 13 - (-17 - -19).
8
(54 - 15 - 26) + (-4 - (-1 + 2))
8
4 - 28 - (-40 - -34)
-18
15 - 1 - (11 - (17 + -1 + -9))
10
Evaluate -17 - (-96 + -1 + 45).
35
62 - (40 + 44) - (-3 + 1)
-20
1 + -7 + -1 + 1 + (385 - 394)
-15
Evaluate -36 - -53 - (11 - 6).
12
(2 - -6) + (-6 - (9 - 15 - -7))
1
Calculate -8 - -10 - (11 + 2 + -1).
-10
What is the value of (-5 - 4) + (19 - 6)?
4
What is the value of -17 - (24 + (-31 - -2))?
-12
Evaluate (-14 - -18) + -13 + 11 - 10.
-8
What is (-22 + 1 - (6 - (0 - -11))) + 8?
-8
What is the value of 46 - 8 - (-63 + 99)?
2
(-9 - -6 - 14) + 7
-10
What is the value of -11 - 4 - (7 - (-11 + 21))?
-12
Calculate (0 - (-25 + 15)) + (-4 - (1 - 1)).
6
Evaluate -4 + -2 - (1 - -5 - (0 - -2)).
-10
Evaluate 0 + 0 + -308 + 294.
-14
What is the value of 8 - (7 + -13 - (1 - 13)) - 6?
-4
What is (5 - 11) + (13 + -10 - -7) + 17?
21
What is 915 - 913 - (0 + 6)?
-4
What is the value of -11 + 10 + (12 - (-1 + 8))?
4
Evaluate (26 + -3 - 8) + 1 + -6 + 1.
11
Calculate 11 - 1 - (-37 - -72 - 26) - -1.
2
Calculate -2 - (-10 + 6 + -2 + -18 + 4).
18
Evaluate 27 - (2 + 22 - 22).
25
Evaluate (-16 - (-23 + -5 + -3)) + -43.
-28
1 + 0 + 8 - ((-19 - 9) + 36)
1
Evaluate 77 - 1 - (-1472 + 1509).
39
What is the value of 1 - (11 + 21 + (-10 - (-1 + 0)))?
-22
-217 + 211 + (0 - -16)
10
Calculate (-1 - (1 - 5)) + (-226 - -231).
8
What is 3 - (4 + -1 - (11 + -6 + 6))?
11
9 + 26 + (-49 - -24)
10
Evaluate -24 + 7 + 5 - (-1 + 1).
-12
Evaluate -5 + 3 + 0 - (-5 + 10).
-7
Calculate -27 + (6 - -6 - -5).
-10
Calculate -15 - 5 - (5 - (-5 + -6 + 17)).
-19
What is the value of (3 - (-2 + 6 - 12)) + (5 - 8)?
8
What is the value of (-10 - -5 - (-7 + -14)) + 1?
17
What is the value of -6 + 10 + (-7 + 11 - 5) + -10?
-7
What is the value of 10 + -6 + 9 + (-2 - 2) + -1?
8
Evaluate (-45 - -52 - -10) + 14.
31
Calculate 1 + -7 - (-10 + -1 + 20).
-15
-40 - -38 - (-1 + -4) - 0
3
18 + -2 + 3 + -13 + 4
10
What is the value of 7 + 7 - (29 - -10)?
-25
What is 19 + (20 - (-5 - -8)) - (1 - -6)?
29
40 + -35 - (-2 - -22)
-15
Evaluate -6 - (5 + 1) - (-8 - -9).
-13
What is (3 - -35) + (-36 - -19)?
21
What is the value of (16 + 10 - 15) + (-3 - 10)?
-2
Evaluate 9 - 33 - (-14 - -13 - 4).
-19
Calculate 2 + 5 + -3 + (6 - 3 - 5).
2
Evaluate 5 + (36 - 17 - 16).
8
Evaluate (-595 - -592) + (0 - (1 - 15)).
11
What is 6 - (25 - (-7 + (18 - 11)))?
-19
Calculate (36 - 40 - (-18 + 1)) + -39.
-26
What is 20 - (-10 + 11 + 8 + 0 + -3)?
14
2 - (-1 + -18) - (-46 - -51)
16
What is the value of 39 + (16 - 51 - 14)?
-10
Evaluate 15 + (-14 - 15) + 20.
6
What is the value of 10 + -3 + (-27 - (-14 - (-16 - -8)))?
-14
What is the value of (-4 - (-2 - -7) - -19 - 9) + 2?
3
Calculate (3 + -5 - -8 - (-11 - -11)) + 6.
12
What is (-1 - -7) + (26 - -10) + -42?
0
What is the value of -1 + -8 + 0 + (22 - 30) + -5?
-22
Calculate -4 + 2 + 3 + -19 + 2 + -3.
-19
Evaluate 7 + (38 - 12 - 14).
19
Evaluate (0 - 0) + (3 - -4).
7
Calculate 23 - (-4 + -3 - -13).
17
What is the value of 8 + -3 + 4 + -8 + 0?
1
Evaluate -29 - ((-8 - -15) + -31).
-5
What is the value of 6 - (-5 - -9) - ((-7 - -12) + 14)?
-17
Calculate 67 - 74 - (-2 + 3).
-8
Calculate (7 - 13) + (1 - 8).
-13
Calculate 3 - 1 - (47 + -57).
12
Evaluate -18 + 6 + (13 - (-8 + 4)).
5
Evaluate 26 - 9 - (203 - 166).
-20
Evaluate 5 + 0 + (981 - 978).
8
Evaluate (2 - 21) + 26 + -25 + 13.
-5
Calculate 5 + (-2 - -3 - -6) + -8.
4
Calculate 3 + -6 - ((-2 - 3) + (-1 - -2)).
1
Evaluate -22 - (-4 - (32 + -16)).
-2
Calculate 24 - (-5 + (1 - -15)).
13
What is the value of -26 + 25 + -3 + 30?
26
Calculate -67 + 88 + (1 - 17).
5
-22 + -4 + 22 - (4 + 0)
-8
Calculate (0 - (-2 - -3)) + -2 + (5 - 3).
-1
What is the value of (-1 - 13) + (-742 - -789)?
33
-33 - (-2 - (-1 - -10))
-22
Calculate -2 - (13 - (-15 + 14 + 20)).
4
-13 - (12 + -13) - -17
5
-5 + 15 + 0 + 18 + (-2 - -3)
29
Evaluate -15 - -40 - (22 - 13).
16
Evaluate (-3 - (-14 + 3)) + -16.
-8
Evaluate (-6 - (25 + -27)) + -1 + 4.
-1
Evaluate -9 - ((-3 - (-6 - 0)) + 1 - -7).
-20
What is the value of -2 + 4 + 0 + -4 + (299 - 286)?
11
Evaluate (-32 - -23 - 1) + -3.
-13
What is the value of 6 + -1 + (1 - -1) + 115 + -134?
-12
What is the value of (-29 - -74) + -20 + 1 + 0 + -3?
23
What is (-7 - -7) + 13 + -1 + -2 + 2?
12
Evaluate -2 + -11 + 3 + 15 - 35.
-30
Evaluate 16 - (1 - (-4 + -4 + -12)).
-5
Calculate -20 + (-14 - -18) + 9.
-7
Evaluate 130 + -161 - (0 - 8).
-23
Calculate (-3 - 18 - -16) + 0 + -2 + 9.
2
What is the value of 2 + 24 + (-86 - -62)?
2
Evaluate (-1 - -7) + (3 - (-1 + (6 - 9))).
13
Evaluate (2 - 0) + (-366 - -358).
-6
Calculate (6 - (-1 + -36)) + -65.
-22
(-28 - -13) + 7 + 11 + 0
3
Calculate 4 - (-18 + -6 + (63 - 10)).
-25
Calculate 8 - (15 - 13 - 5).
11
What is (2 - -10) + -9 + (9 - 1)?
11
Calculate -8 + -14 + 44 - -3.
25
What is 9 + -8 + 12 + -2 + 0?
11
What is the value of 12 + 2 + (-1 - 16 - -2 - -4)?
3
Calculate -34 + (-18 - -12 - 9) + 17.
-32
What is -14 - -40 - (-26 - -30)?
22
What is the value of (-1 - -8) + -16 + 18 + -23?
-14
What is the value of -1 + (-2 - 2) + 8?
3
Evaluate 26 + (-18 - -6) + 0 + 9.
23
What is 7 + (-5 - (5 + 12 + 1))?
-16
Evaluate (-1 - (-5 + 6)) + 2 - (1 + 6).
-7
Evaluate (-856 - -842) + 18 + 0.
4
Evaluate (0 - (-4 - 1)) + 62 + (-7 - 79).
-19
What is the value of (-55 - -53) + (16 - (4 + 6))?
4
What is the value of 40 - (-15 - -33) - 11?
11
What is 5 + -5 - 2 - (-7 + (-1 - 2))?
8
30 - 23 - (3 - -13) - -5 - 22
-26
Calculate 1 - (16 - (32 + -12) - 0).
5
What is the value of -7 - (-7 + 35 + -41 + (8 - -1))?
-3
What is -5 - (8 + -4 + -7) - (-3 + 0)?
1
Evaluate 2 + (12 - (-7 - (-2 + -13))).
6
What is (41 - 2) + -259 + 244?
24
What is the value of 3 + 20 + -15 + 2?
10
(-6 - 0) + (3 - (-10 + 6))
1
What is 1 + 0 + (-9 + 20 - 2)?
10
Calculate -5 + (6 + 1 - 14) + 8.
-4
What is the value of -14 + 23 - (-6 - -1 - -2)?
12
What is the value of -26 + 27 - (-5 - 3 - -2)?
7
What is the value of 104 + -110 - (-1 - 22)?
17
(33 - 6) + (103 - 132)
-2
-9 + 0 + 13 + -1
3
Calculate -1 + 6 + (4 + 2 - 26) - -4.
-11
Calculate 1470 + -1461 + (28 - 1).
36
-26 + (35 - (-1 + 14)) + -14
-18
What is -14 + (3 - (2 - -3)) + 5?
-11
What is the value of -43 + 5 + 13 + 33 + 1 + -8?
1
What is (25 - (44 + -65)) + -1 + -17?
28
What is (169 - 108 - 7) + (-1 - 18)?
35
What is -6 + (17 - (-4 + (-6 - -15))) + 1?
7
Calculate (-18 - 2 - (12 - 18)) + (6 - 0).
-8
Evaluate -40 + 23 - (0 + 12 + -11).
-18
What is -77 + 105 - (-2 + 16)?
14
Evaluate (-2 - -1 - (-185 - -173)) + -2.
9
What is the value of 4 - (-46 + 23 + 7)?
20
Evaluate -4 + 7 - ((-4 - (-10 + 19)) + 7).
9
-119 + 119 - (-4 + -2)
6
Calculate (-13 - 2) + 10 + -1 + -2.
-8
27 + -3 - (21 - -4)
-1
What is 7 + -9 + (-14 - -33 - 12)?
5
What is the value of -8 - (-19 - -8 - -2)?
1
Calculate (35 - 9) + (-18 - -6).
14
What is the value of -23 + (73 - 21) + (5 - 2) - 3?
29
What is (12 - ((8 - 4) + 15)) + (-1 - -1)?
-7
What is the value of -11 + 9 + -8 + 18 - (1 - -2)?
5
Calculate -10 - -20 - 7 - 11.
-8
Calculate 5 + -8 - (12 - (0 + 1) - 4).
-10
What is -2 + (9 - 8 - -10) + -5 - -5?
9
3 + -14 + (6 - 7) + 2 + -1
-11
Calculate (1 - -1) + -6 - (-3 + 6).
-7
What is (21 + -19 - (5 - -3)) + -5 + 26?
15
Calculate 3 + 15 + 5 + -12 - 13.